o base 13.
-4
-5 (base 14) to base 2
-101
23 (base 5) to base 10
13
What is 83 (base 14) in base 10?
115
What is 53 (base 7) in base 14?
2a
Convert 153 (base 12) to base 9.
250
Convert -111 (base 6) to base 8.
-53
What is 3 (base 10) in base 12?
3
What is 7 (base 16) in base 12?
7
122 (base 7) to base 12
55
Convert -1 (base 9) to base 3.
-1
Convert 246 (base 8) to base 15.
b1
What is -1 (base 15) in base 5?
-1
Convert -50 (base 9) to base 4.
-231
Convert -1 (base 13) to base 6.
-1
What is 5 (base 8) in base 7?
5
Convert -100 (base 2) to base 16.
-4
-10 (base 3) to base 2
-11
What is -1b (base 16) in base 15?
-1c
Convert 1 (base 12) to base 6.
1
What is -10 (base 4) in base 9?
-4
What is 22 (base 15) in base 2?
100000
-7 (base 8) to base 6
-11
29 (base 13) to base 16
23
Convert -4 (base 13) to base 16.
-4
Convert -88 (base 11) to base 6.
-240
What is -3 (base 13) in base 5?
-3
12 (base 3) to base 10
5
What is -20 (base 4) in base 9?
-8
Convert 20 (base 6) to base 10.
12
Convert 200 (base 5) to base 9.
55
What is -4 (base 13) in base 7?
-4
What is 76 (base 9) in base 7?
126
Convert -18 (base 11) to base 2.
-10011
Convert -10 (base 7) to base 15.
-7
Convert 0 (base 9) to base 7.
0
What is 2 (base 11) in base 6?
2
Convert 2 (base 10) to base 12.
2
What is -2 (base 4) in base 12?
-2
43 (base 16) to base 2
1000011
Convert 0 (base 9) to base 4.
0
Convert -11101 (base 2) to base 7.
-41
What is 2 (base 12) in base 2?
10
What is 100 (base 4) in base 8?
20
What is -6 (base 8) in base 4?
-12
What is 0 (base 11) in base 2?
0
Convert -1033 (base 4) to base 15.
-54
112 (base 3) to base 5
24
0 (base 7) to base 9
0
Convert 120 (base 3) to base 14.
11
Convert 161 (base 11) to base 10.
188
What is 10 (base 3) in base 14?
3
2 (base 7) to base 13
2
Convert -12 (base 11) to base 16.
-d
Convert 16 (base 14) to base 4.
110
What is 41 (base 9) in base 4?
211
35 (base 7) to base 13
20
What is 1 (base 3) in base 12?
1
-67 (base 11) to base 13
-58
Convert -10 (base 9) to base 10.
-9
What is 101 (base 6) in base 11?
34
What is 111 (base 4) in base 3?
210
ff (base 16) to base 2
11111111
1 (base 9) to base 4
1
Convert 0 (base 3) to base 13.
0
Convert -c (base 15) to base 2.
-1100
30 (base 5) to base 15
10
11 (base 3) to base 6
4
0 (base 13) to base 9
0
Convert 11110 (base 3) to base 4.
1320
-3 (base 11) to base 13
-3
What is 10222 (base 3) in base 9?
128
2 (base 4) to base 12
2
Convert 4 (base 9) to base 12.
4
What is 4d (base 14) in base 13?
54
Convert -d7 (base 16) to base 10.
-215
What is 0 (base 2) in base 9?
0
What is -12 (base 3) in base 4?
-11
Convert 2 (base 9) to base 10.
2
Convert -5 (base 13) to base 11.
-5
1 (base 11) to base 16
1
What is 1201 (base 4) in base 6?
241
Convert 8 (base 15) to base 9.
8
What is -4 (base 11) in base 8?
-4
Convert -10 (base 7) to base 3.
-21
What is 2 (base 12) in base 4?
2
What is 11101 (base 3) in base 14?
86
What is -16 (base 13) in base 16?
-13
Convert 4 (base 13) to base 3.
11
Convert 1 (base 11) to base 2.
1
What is 18 (base 14) in base 8?
26
Convert -1 (base 2) to base 8.
-1
Convert -47 (base 12) to base 13.
-43
10 (base 3) to base 10
3
Convert 1 (base 11) to base 7.
1
3 (base 8) to base 12
3
What is -44 (base 16) in base 15?
-48
63 (base 11) to base 12
59
What is -2 (base 5) in base 10?
-2
Convert -108 (base 13) to base 2.
-10110001
What is -11 (base 7) in base 8?
-10
-e (base 16) to base 8
-16
3f (base 16) to base 12
53
What is 34 (base 5) in base 16?
13
What is -10 (base 7) in base 13?
-7
Convert 2032 (base 4) to base 10.
142
What is 111 (base 4) in base 12?
19
What is 5 (base 12) in base 14?
5
Convert -4 (base 16) to base 15.
-4
What is 20 (base 11) in base 16?
16
15 (base 14) to base 4
103
Convert -38 (base 16) to base 13.
-44
Convert -3 (base 7) to base 2.
-11
-3 (base 11) to base 4
-3
Convert -4 (base 10) to base 8.
-4
What is -8 (base 10) in base 12?
-8
-10 (base 7) to base 9
-7
5 (base 12) to base 3
12
What is 3 (base 14) in base 4?
3
What is -1 (base 15) in base 3?
-1
55 (base 9) to base 8
62
What is 27 (base 11) in base 4?
131
-4 (base 13) to base 7
-4
-1101 (base 3) to base 7
-52
-1012 (base 3) to base 11
-2a
10 (base 4) to base 6
4
What is 42 (base 14) in base 8?
72
-22 (base 12) to base 6
-42
What is 10 (base 3) in base 11?
3
-21 (base 3) to base 12
-7
What is -3 (base 10) in base 8?
-3
Convert -153 (base 11) to base 16.
-b3
Convert 3 (base 7) to base 12.
3
Convert 1 (base 12) to base 5.
1
What is -b (base 12) in base 14?
-b
What is 111 (base 4) in base 15?
16
Convert 30 (base 4) to base 14.
c
1 (base 16) to base 15
1
-113 (base 4) to base 3
-212
-8 (base 16) to base 3
-22
-231 (base 4) to base 14
-33
Convert 4 (base 8) to base 6.
4
What is -12 (base 3) in base 12?
-5
31 (base 4) to base 14
d
Convert -3 (base 12) to base 8.
-3
Convert -18 (base 9) to base 3.
-122
3 (base 11) to base 6
3
What is -c (base 16) in base 5?
-22
What is -e (base 16) in base 14?
-10
Convert -100 (base 2) to base 6.
-4
What is -3 (base 16) in base 8?
-3
Convert -9a (base 11) to base 5.
-414
Convert 43 (base 6) to base 10.
27
Convert 9 (base 14) to base 13.
9
What is 3 (base 5) in base 3?
10
-231 (base 4) to base 12
-39
Convert 22 (base 13) to base 5.
103
Convert -10 (base 12) to base 13.
-c
What is 1 (base 7) in base 3?
1
Convert -212 (base 3) to base 11.
-21
What is 1 (base 8) in base 10?
1
What is -24 (base 5) in base 9?
-15
Convert 3 (base 14) to base 10.
3
Convert 0 (base 4) to base 3.
0
1 (base 3) to base 9
1
Convert -a5 (base 11) to base 6.
-311
Convert 8 (base 12) to base 11.
8
9 (base 13) to base 15
9
Convert -1 (base 14) to base 8.
-1
2 (base 5) to base 16
2
-15 (base 10) to base 6
-23
What is -2 (base 13) in base 15?
-2
-100 (base 6) to base 9
-40
Convert 11101 (base 3) to base 11.
a8
Convert 4 (base 5) to base 8.
4
What is -4 (base 14) in base 2?
-100
Convert -103 (base 4) to base 6.
-31
-2 (base 11) to base 13
-2
Convert 2111 (base 3) to base 7.
124
-12112 (base 3) to base 8
-225
-3 (base 15) to base 11
-3
What is 2242 (base 5) in base 8?
502
What is -3 (base 15) in base 12?
-3
What is -30 (base 5) in base 16?
-f
What is 3 (base 16) in base 2?
11
Convert -5 (base 6) to base 12.
-5
What is 2 (base 11) in base 9?
2
What is a (base 11) in base 2?
1010
-3 (base 13) to base 3
-10
Convert -9 (base 12) to base 5.
-14
What is -2 (base 3) in base 9?
-2
Convert -1 (base 3) to base 12.
-1
Convert 55 (base 15) to base 6.
212
Convert -3 (base 9) to base 16.
-3
Convert 0 (base 16) to base 10.
0
Convert 4 (base 16) to base 7.
4
Convert 2 (base 12) to base 9.
2
-20000 (base 3) to base 9
-200
Convert -10a (base 12) to base 10.
-154
What is 45 (base 9) in base 16?
29
d (base 15) to base 14
d
Convert a (base 12) to base 16.
a
What is -241 (base 5) in base 3?
-2122
0 (base 5) to base 12
0
What is -2 (base 15) in base 6?
-2
Convert 10 (base 8) to base 12.
8
Convert -1 (base 7) to base 11.
-1
What is 11010 (base 2) in base 9?
28
What is -7 (base 8) in base 15?
-7
Convert 44 (base 12) to base 3.
1221
What is -57 (base 11) in base 5?
-222
-102 (base 3) to base 5
-21
-3 (base 7) to base 14
-3
0 (base 4) to base 3
0
101 (base 3) to base 12
a
What is 96 (base 10) in base 7?
165
Convert 102 (base 12) to base 7.
266
0 (base 14) to base 9
0
What is -1000 (base 2) in base 16?
-8
Convert 3 (base 14) to base 10.
3
Convert 4 (base 14) to base 2.
100
What is 64 (base 9) in base 10?
58
What is -1100 (base 2) in base 8?
-14
What is -10 (base 10) in base 5?
-20
What is 1d (base 16) in base 10?
29
212 (base 3) to base 10
23
-11 (base 3) to base 4
-10
Convert 152 (base 8) to base 13.
82
8 (base 14) to base 2
1000
Convert 5a (base 11) to base 5.
230
Convert 1a (base 13) to base 15.
18
21 (base 8) to base 10
17
What is 3 (base 10) in base 5?
3
-aa (base 11) to base 16
-78
Convert -b4 (base 14) to base 8.
-236
What is -1 (base 14) in base 6?
-1
Convert -123 (base 6) to base 7.
-102
What is -3 (base 14) in base 7?
-3
What is -1 (base 9) in base 13?
-1
-6 (base 11) to base 16
-6
-63 (base 9) to base 15
-3c
What is -21 (base 5) in base 12?
-b
Convert -42 (base 12) to base 9.
-55
6 (base 9) to base 10
6
4 (base 7) to base 3
11
Convert -5 (base 13) to base 2.
-101
11100 (base 4) to base 8
520
What is -21 (base 7) in base 12?
-13
Convert -3 (base 14) to base 7.
-3
What i